27*d = -39*d + 20*d - 11728. What is the tens digit of d?
6
Let b(y) = y**3 - 28*y**2 + 85*y + 12. Let q be b(17). Let g = q + 3297. What is the hundreds digit of g?
5
Let n(y) be the first derivative of y**3 + 19*y**2 + 22*y - 137. What is the thousands digit of n(-26)?
1
Let q(h) = 838*h + 149. Let k be q(7). Suppose 2*v - k = -5*a, 2377 = -0*a + 2*a - 5*v. What is the tens digit of a?
0
Let y(u) = -u**2 + 20*u - 9. Let m be y(8). Let n = m + -83. What is the units digit of (43 - 65)*((-6)/n + 0)?
3
Suppose 0 = 1298*t - 1459*t + 2505804. What is the units digit of t?
4
Let z(s) be the second derivative of 3*s**5/20 + s**4/12 - s**3 + s**2/2 + s. Let w(h) = 93*h - 741. Let r be w(8). What is the tens digit of z(r)?
7
Let v(p) = -p**2 + 30*p - 49. Suppose 4*j = 5*u + 9*j - 75, -5*j = 2*u - 21. What is the units digit of v(u)?
7
Suppose -5*d + 212 - 22 = -4*r, 0 = 4*d - 24. Suppose 2*k - 4*n + 80 = -2*k, -5*k - 2*n - 72 = 0. What is the units digit of 0 - (50/k + (-5)/r)?
3
Let k = -1307 - -236. Let s = 1615 + k. What is the tens digit of s?
4
Suppose 0 = -13*o + 122*o + 31*o - 5433260. What is the hundreds digit of o?
8
Suppose 0 = -3*q + 26 - 2. Let j(l) = -l**3 + 23*l**2 + 2*l - 11. What is the hundreds digit of j(q)?
9
Suppose -14*m + 25510 = -54738. What is the tens digit of m?
3
Let f be ((-7125)/(-12))/(3 + 22/(-8)). Suppose -4*o + 5*l + 334 = -f, 2715 = 4*o - 3*l. What is the hundreds digit of o?
6
Let c(t) = 1477*t**2 + 2*t - 1. Suppose 0 = -20*i - 57 + 77. What is the tens digit of c(i)?
7
Let a(h) = -3*h + 2. Let j be a(-5). Suppose 144 = 4*l - 2*f, 6*f - 138 = -7*l + 4*l. Let u = l - j. What is the tens digit of u?
2
Let t(u) = -2*u**2 + 47*u - 63. Let n be t(22). Suppose -7*m = -n*m - 980. What is the units digit of m?
5
Let b(w) = w**3 + 6*w**2 + 19*w - 12. Let z be b(-9). Let d = z - -761. What is the hundreds digit of d?
3
Suppose -6*f + 16230 = -6*f + 5*f. What is the tens digit of f?
4
Let k = 4271 + -2785. What is the tens digit of k?
8
Let j = -12 - -14. Let n(a) = 0*a**3 + 3*a + 2*a**3 + 117*a**2 - 116*a**2 - 5 + a. What is the units digit of n(j)?
3
Suppose -3*b = 5*a - 3506, -7*b - 1164 = -8*b + 3*a. Let n = b - 763. What is the tens digit of n?
0
Let r(c) = 14*c - 77. Let k be r(10). Let z = k - -223. What is the units digit of z?
6
Let v(x) = -x**3 - 32*x**2 - 77*x + 466. What is the thousands digit of v(-43)?
4
Suppose 0 = -25*b - 0*b + 2125. Suppose -3848 = b*g - 98*g. What is the units digit of g?
6
Let j = 96 - 98. What is the units digit of (-1565)/10*(j - 0)?
3
Let n = 1338 - -55. Suppose -7*u + n = -812. What is the tens digit of u?
1
Suppose -3*y = -3*g - 855, -y - 4*g + 0*g + 295 = 0. Let f = -362 - -927. Suppose -4*t + k = -f, 2*t = -0*t - k + y. What is the units digit of t?
2
Suppose -10 = -2*v - 2. Suppose 15 = i - 0*i + 2*c, v*c = 20. Suppose 0 = -2*b + 5*a + 163, -i*b + b - a + 315 = 0. What is the units digit of b?
9
Suppose -4*l = 3*z + 5530, -2 + 6 = -2*z. Let s = l - -3083. What is the tens digit of s?
0
Suppose 0 = -3*n - 0 - 6, -2*h = -3*n - 44. Suppose 4*z - 1 = h. Suppose d + 2*y - 130 = 0, 451 = 3*d + z*y + 64. What is the hundreds digit of d?
1
Suppose -2*z = 426 - 420, 2*b - 5*z = 29287. What is the units digit of b?
6
Let g(a) = 8*a + 96. Let z(v) = 9*v + 96. Let p(o) = 4*g(o) - 5*z(o). What is the tens digit of p(-25)?
2
Let l be 1062/10 - (-3)/(-15). Suppose -27*p + 25*p - 118 = 3*x, -3*x - 113 = p. Let v = l + x. What is the units digit of v?
0
Suppose 2 = -21*z + 20*z, 0 = -h + 4*z + 21556. What is the ten thousands digit of h?
2
Let n = 394 - 394. Suppose 27*d - 228 - 366 = n. What is the units digit of d?
2
Let b(q) = -q**2 + 54*q - 4. What is the hundreds digit of b(14)?
5
What is the units digit of (-187)/(-22 - -33) - -52880?
3
Let f(z) = 3402*z**2 - 47*z + 99. What is the ten thousands digit of f(2)?
1
Suppose 4*r = 20*r - 26834 - 56302. What is the hundreds digit of r?
1
Let t(p) = 93695*p**3 - 21*p**2 + 31*p - 9. What is the ten thousands digit of t(1)?
9
Suppose 0 = -18*m + 15*m - 87. Let i = m - -55. Suppose -i - 51 = -r. What is the tens digit of r?
7
Suppose -4*w = 4*g - 40, 4*w - 87 = -5*g - 34. Suppose 10 = -m - 9*k + g*k, m - 25 = -3*k. What is the units digit of m?
0
Let k be (-4)/3*(-531)/236. Suppose 5*i - 3*i - 4*o - 514 = 0, k*o = -3*i + 780. What is the units digit of i?
9
Let u(z) = -28*z - 367. Let y be u(-15). Suppose -50*b = -y*b + 1917. What is the hundreds digit of b?
6
Let g(v) = 25*v**3 - 2*v**2 + 51*v - 135. What is the hundreds digit of g(7)?
6
Let p(w) = -w**3 - 3*w**2 - 8*w - 24. Let z(d) = d**3 + 9*d**2 + 8*d - 7. Let k be z(-8). Let u be p(k). Suppose -u = -4*y + 16. What is the tens digit of y?
6
Let y(o) = -435*o + 122. Suppose -9*d + 268 = 304. What is the units digit of y(d)?
2
Let t(f) = 5*f**3 - 24*f**2 - 218*f - 110. What is the units digit of t(26)?
8
Suppose 3*f - 844 = m + 6*f, 4*m = 4*f - 3424. What is the hundreds digit of (-1 + m)/(12/(-4) + 1)?
4
What is the hundreds digit of (-5 + 224790/(-18))/((-46)/69)?
7
Let k(l) = l + 99. Let h be k(0). Suppose w = -4*o + 11, 3*o - w + 22 - 39 = 0. What is the hundreds digit of h + (-3 - -1) + o?
1
Let f(d) = d**3 - 103*d**2 - d + 81. What is the tens digit of f(0)?
8
Let d(n) be the second derivative of 19*n**4/12 + 19*n**3/3 + 157*n**2/2 + 48*n + 3. What is the units digit of d(-5)?
2
What is the units digit of 1/2*4*((-34107)/(-6) - -5)?
9
Let c(n) = 4*n**2 - 14*n + 7. Let k = 6 - 12. What is the units digit of c(k)?
5
Let h(b) = -21*b - 30. Let s be h(-3). What is the units digit of (-5228)/(-12) + (-22)/s?
5
Let k be (5 - (-36)/(-8))*(7 - 7). Suppose -14*x + 10*x = -5*o + 4245, k = o + 3*x - 830. What is the units digit of o?
5
Let l be ((-45)/20)/(((-108)/2656)/9). Let o = -347 + l. What is the tens digit of o?
5
Let f be (5/(-4) + 1)*-20. Suppose -123 = -i + 3*c, -5*i - f*c + 3*c = -547. What is the units digit of i?
1
Suppose 60*y = 50*y + 70250. What is the tens digit of y?
2
Let q(m) = -m**3 + 35*m + 9. Let k be q(6). Suppose -5*x + k*w + 416 = -2214, -5*x + 2630 = -w. What is the tens digit of x?
2
Let o = -1595 - -727. Let t = -69 - o. What is the units digit of t?
9
Suppose 5*x - 3*q = 308, 2*q = -3*q + 20. Let i = 61 - x. What is the tens digit of 1*1/i - 686/(-6)?
1
Suppose 0 = 3*g - 7045 + 1675. Let j = g + -164. What is the tens digit of j?
2
Let o be ((-48960)/3)/((12/3)/16). What is the units digit of o/(-112) + (-3)/(-21)?
3
Let t(i) = i**3 - i**2 - i + 2. Let o be t(0). Suppose o*v = 2*k + 2*k + 560, -4*k = -3*v + 846. What is the tens digit of v?
8
Let f(m) = m**2 + 13*m - 111. Let c be f(16). Suppose -5*w - 2*g + c + 64 = 0, -4*w + 328 = -4*g. What is the units digit of w?
3
Let z = -403 + 429. Suppose 3*m + 31*a - 3150 = z*a, 0 = 5*m + 4*a - 5237. What is the units digit of m?
5
Let x = 3309 + 32892. What is the units digit of x?
1
Let r(x) = -156*x - 4958. What is the thousands digit of r(-143)?
7
Suppose 1532*j - 2014705 = 1455*j. What is the thousands digit of j?
6
Suppose -2*i + 474 = 2*x, -20*x + 4*i = -15*x - 1185. Let j = x - 68. What is the tens digit of j?
6
Let z be (-1570)/(3/(1 + (-6 - -2))). Suppose 0 = -c + 2*d + z - 166, -3*c + 4220 = 2*d. What is the units digit of c?
6
Let b(g) = 5*g + 6. Let d be b(-3). Let j be 1/3*3 - d. Suppose -5*z - 40 = -k + 18, 5*z = -j. What is the tens digit of k?
4
What is the thousands digit of ((-477240)/164)/(1/(-6))?
7
Suppose 0 = -o - 2*z - 28, -3*o + o + 5*z = 92. Let u be ((o/15)/(-3))/((-2)/10). What is the units digit of ((-1)/1)/(u/280)?
0
Suppose -2 - 31 = -w. Suppose 5*j + 8 = w. Suppose -j*u + 3*g + 360 = -580, g = -5*u + 960. What is the units digit of u?
1
Suppose -1659 + 101487 = 12*u. What is the thousands digit of u?
8
Let x(y) = -y**3 + 56*y**2 - 67*y + 106. What is the tens digit of x(49)?
3
Let k be (87/6)/(-2*2/104). Let t = k + 657. What is the hundreds digit of t?
2
Suppose 9*j - 32656 = 186332. Suppose 0 = 24*b - 2140 - j. What is the thousands digit of b?
1
Suppose 2*v = 2*n - 26178, 93*n - v - 26175 = 91*n. What is the tens digit of n?
8
What is the hundreds digit of (-10)/(-8) - ((-9285)/(-90))/(2/(-27))?
3
Suppose 11*j = -7*j + 25722. What is the units digit of j*((-5 - 0) + 18/3)?
9
Suppose 3*b - 8 =